 j. Is u a composite number?
False
Let r(b) be the third derivative of -b**5/60 + b**4/4 + 3*b**3/2 - 7*b**2. Let g be r(7). Is (4 - g)/(-2) - -32 prime?
True
Let a(c) = -7 + 0 + 5 + 9*c**2. Is a(-5) a composite number?
False
Let u(y) = 78*y**3 + 3*y**2 - 3*y + 3. Let v be u(2). Let d be 3/((-27)/2) + 1026/243. Suppose 55 = f + i - 101, -d*f = -5*i - v. Is f composite?
False
Let s = -993 - -671. Let x be (1 - (-310)/4)/(33/198). Let b = s + x. Is b a composite number?
False
Suppose 0 = 2*s - 5*x - 35, 3*x - 4 = 7*x. Suppose 12 = s*k - 12*k. Suppose -670 = -2*g - k*j, g - 2*g + 339 = 4*j. Is g a composite number?
False
Is 26064 + 14/49*7 a composite number?
True
Suppose -37*t + 30 = -32*t. Suppose -2*a + 2*w = -t*a + 10522, 0 = 4*a + 4*w - 10528. Is a a prime number?
False
Suppose 51*k = 66*k - 190725. Is k a prime number?
False
Suppose k - 51 + 11 = -4*c, -284 = -5*k + c. Suppose -o = -5*o + k. Is o a composite number?
True
Let b(j) = j**2 + 8*j + 9. Let m be b(-7). Suppose m*q - 604 = z - 4*z, 796 = 4*z + 5*q. Suppose d - w - 79 = 0, 4*d - z = -4*w + 144. Is d a composite number?
False
Let y(n) = 3*n + 7. Let s be y(-1). Suppose -202 = 2*x - 4*x - 2*z, s*x - 434 = 2*z. Is x a prime number?
False
Let m(u) = 7*u**3 - u**2 - 4*u + 9. Let b be m(6). Let q = -1022 + b. Is q prime?
True
Let v(i) = -2*i**3 - i - 22. Let k be v(0). Is (-4957)/(-5) + k/55 prime?
True
Let o = 39 - 43. Is (3/15*4)/(o/(-790)) a prime number?
False
Let c = -1216 + 2127. Is c a composite number?
False
Let x(v) = -1211*v - 83. Is x(-6) composite?
True
Suppose y - 5*u = 870, -y + 791 = -2*u - 94. Is y prime?
False
Suppose -4*y = -4*d + 2*d + 342, -4*y + 785 = 5*d. Is d prime?
False
Let d be -26577*(28/6 - 5). Is (12/(-27))/((-4)/3)*d a composite number?
False
Let s be ((-4)/10)/((-6)/90). Suppose b - s = -3. Suppose b*o - 13 = 92. Is o prime?
False
Suppose -b + 5*i = -4391, 10970 = 4*b - 4*i - 6594. Is b composite?
False
Let a be (-55624)/(-56) - (-6)/(-21). Suppose -2*j + a = j. Is j a composite number?
False
Suppose -2*c = -2, 3*c + 49 = -2*v - 2*v. Let w(y) = 26*y**2 - 17*y + 6. Is w(v) composite?
False
Let z(p) = 104*p**2 + p. Let k be z(4). Suppose -3*b = -4*x - b + k, -3*b - 1664 = -4*x. Is x composite?
False
Suppose -5*z = 4*g + 469, -3*z - 233 = 2*g - 2*z. Let q(c) = 54*c - 5. Let i be q(5). Let j = g + i. Is j a prime number?
True
Let x(o) = 7*o**3 - 7*o**2 + 2*o - 1. Let p be (-5)/(-1)*(8 - 7). Is x(p) composite?
False
Let v = 20 - 7. Suppose 0 = -10*w + v*w. Suppose m - n + 6*n - 968 = w, 4*m - 5*n = 3897. Is m composite?
True
Suppose 2*m + 112 = -0*m. Is (1 + -12)/(8/m) a prime number?
False
Suppose -2*u - 8152 = -2*z, -5*u - 9716 = -2*z - 1567. Suppose -813 - z = -s. Suppose 8*i - s = 2*i. Is i prime?
False
Let v = -25 + 27. Suppose -4*n = 5*o - 10*o - 15, 2*n - 15 = -5*o. Is v - ((-4 - n) + -2) composite?
False
Suppose -19*b + 96184 = -8563. Is b a prime number?
False
Suppose -3*q = -3*i + 43944 + 82224, -2*q - 126173 = -3*i. Is i prime?
True
Let r(u) = u**2 + 9*u - 8. Let a be r(-9). Let k = 29 - a. Is k prime?
True
Is (-6)/(-99)*3 - (-597390)/110 a prime number?
True
Is 4 + -4 - (-3 - 208) a prime number?
True
Let r be -14 + 2 + 4 - 2/1. Suppose 5*m + 5*x + 0 - 280 = 0, 0 = x - 3. Is (r + 5)*m/(-5) prime?
True
Is (3 - 2)/((-38727)/(-9681) + -4) a prime number?
False
Suppose -4*l - 47 = 73. Is ((-6730)/l)/(1/3) a composite number?
False
Let n(c) = -7*c**3 - 3*c**2 - 2*c - 7. Suppose 3 = -7*g - 39. Is n(g) prime?
True
Let h(n) = 76*n**2 - 11*n - 19. Is h(-2) a composite number?
False
Let y(k) = 26*k**2 + 3*k + 46. Is y(9) prime?
True
Suppose 3*l = 4*l - 30. Suppose -j - t = 2*j - 8, 5*j + 5*t - l = 0. Is 1/(j/(-57)*-3) a prime number?
True
Suppose -4*d - 100 = -3*n - 0*d, -40 = -2*n - 4*d. Is 1506*(n/12)/7 a composite number?
True
Let b(a) = a + 1126. Let k = 5 + -5. Let m be b(k). Is m/22 + (-4)/22 composite?
True
Let b = -18 - -31. Let q = 133 - 91. Let x = q + b. Is x composite?
True
Let h = -52 + 417. Is h prime?
False
Is 1/(36/(-8)) - (-106618)/18 composite?
False
Let a(z) = -2*z + 1. Let b be a(3). Let l be 6 + 12/(2 + b). Suppose -26 = -l*h + 156. Is h a prime number?
False
Suppose -3*q + 7134 = -3*z - 4*q, -4*z = 5*q + 9512. Let n = 3203 - z. Is n a prime number?
True
Let f(w) = 10*w - 69. Let b be f(13). Suppose 2 = 2*u, 0*n + 5*u = 5*n - 105. Let v = b + n. Is v a composite number?
False
Suppose -s + n + 3 = 0, 19 - 4 = 3*n. Suppose 9*z - 1469 = s*z. Is z composite?
True
Let h(d) = 2*d**2 + 6*d + 10. Let k be h(-5). Suppose k*f - 32*f = -1324. Suppose 26*g - f = 24*g. Is g a prime number?
True
Suppose 659438 - 190052 = 18*g. Is g prime?
False
Let d(i) = -301*i - 2. Let a be (16 + -15)*(-1 - 0). Is d(a) a composite number?
True
Let t = 74 - 51. Let i = t - -7. Is 4235/i + (-2)/12 prime?
False
Is ((-5158)/5)/((192/(-60))/8) composite?
False
Let u be -11 - -2*9/6. Is 309 + 2 + u/2 prime?
True
Let h be 16/(16/4)*-2. Let r(s) = -106*s + 26. Let u be r(h). Suppose -2*j + 0*j + u = 0. Is j a composite number?
True
Let y(m) = -3*m**2 + 10. Let o be y(-6). Let a = 1296 + o. Is a prime?
False
Suppose 2*z - q = 7, -4*q - 6 - 6 = -4*z. Suppose -z = -4*k + 4. Suppose k*p - 248 = 290. Is p a prime number?
True
Let v(t) = -2*t - 25*t**3 - 3 + 33*t**3 + 3*t**2 + 4. Let b be v(2). Let m = b + -36. Is m prime?
True
Let s(a) = -a**2 - 5*a + 12. Suppose 2*n - 30 = 7*n. Let y be s(n). Suppose -y*b = -l - 4*b + 91, 3*b = -5*l + 494. Is l a prime number?
True
Let z(b) = 3277*b**3 + b**2 - 1. Is z(1) prime?
False
Let n(b) = -2*b**3 + b**3 - 3 - 3*b - 9*b**3. Suppose 3*r - 8 = r, -4*r + 14 = o. Is n(o) composite?
False
Let j(k) be the first derivative of 44*k**3 + 23*k**2/2 - 12*k - 26. Is j(5) a prime number?
False
Let p be (0/2)/3*-1. Suppose 10*s - 12*s + 7460 = p. Suppose -s = -4*o + 2154. Is o prime?
True
Is 1*1/(-2)*-56834 a composite number?
True
Suppose -450 = o + 196. Let y = o + 937. Let n = y - -32. Is n composite?
True
Let o(u) = -150*u - 3. Let s be o(-5). Let b = s - 1047. Let h = 709 + b. Is h composite?
False
Is 1 - ((-10)/10 - 1*16727) a prime number?
True
Let w = -987 - -1432. Is w a composite number?
True
Suppose 2*c - 18 = c + 3*x, -2*c - 5*x + 3 = 0. Let j be c + -4 + 1 + -1. Suppose 63 = -j*q + 533. Is q prime?
False
Let s be 1 - 214/(-2) - -3. Is s/(-6)*(-6)/3 prime?
True
Is (-3)/2*(-410600)/300 a prime number?
True
Let f be 53*((72/(-3))/(-4) + -1). Suppose 2*k - 5*q - 172 = 0, -f = 7*k - 10*k + 4*q. Is k a composite number?
True
Suppose -4*c + c + 6157 = o, 2*o - 2*c - 12338 = 0. Is o composite?
True
Let m(c) = -24*c - 13. Let s(b) = 47*b + 25. Let v(j) = -5*m(j) - 2*s(j). Is v(14) a prime number?
True
Suppose 0 = -3*v - 4*m + 16523, 3*m - 5*m = -2*v + 10992. Is v composite?
False
Let d be 1 + -4 - -810 - -3. Suppose 5*c - 5*z = d, c - 174 = z + 4*z. Is c a composite number?
True
Let c(y) = -y**2 - 10*y + 2. Let w be c(-10). Suppose -4*u = 12, -5*z - w*u = -2*z. Suppose -3*j - j + 728 = -3*v, 0 = 5*j + z*v - 887. Is j a composite number?
False
Let q(v) be the second derivative of 0 - 5*v + 1/6*v**3 + 1/2*v**4 - 7/2*v**2. Is q(6) composite?
True
Suppose -23924 = -49*n + 45*n. Is n composite?
False
Suppose -7*q + 2202 = -10*q. Let y = -363 - q. Is y a composite number?
True
Let b(l) = -l**3 - 11*l**2 - 14*l - 3. Suppose -1 = 4*o + 39. Is b(o) composite?
False
Let r = -11 + 17. Suppose -2134 = -2*d - 4*t, 2*d - r*d + 4313 = -t. Is d composite?
True
Let v(o) = -3*o**2 - 10*o - 12. Let w be v(-10). Let m be w/(-18) + (-4)/(-18). Suppose -b + m = -97. Is b a prime number?
True
Let y(j) = 50*j - 573. Is y(33) a composite number?
True
Is (7/7 - -25206) + -8 composite?
True
Let u(s) = -5*s**2 + 5*s**2 + 51*s**3 - 31*s**3 + s**2. Suppose 2*h + 1 = 3*h. Is u(h) a composite number?
True
Let u(j) = 73*j + 10. Let d be u(-7). Let c = 1132 + d. Is c composite?
False
Suppose -353 - 102 = -5*c. Suppose -8*d + 2931 = c. Is d a composite number?
True
Let r(u) = -u**3 + u**2 + 2*u - 4. Let p be r(3). Let k = p + -16. Let x = k - -177. Is x prime?
False
Let o be ((-42)/49)/(1/(-7)). Let a(d) = 8*d**2 - 4*d - 13. Is a(o) composite?
False
Suppose -858*b + 853*b = -9970. Is b a composite number?
True
Suppose 0 = -9*t + 6*t - 9. Let c(z) = z**3 + 4*z**2 + 2*z. Let m be c